33
Let z(i) = i**3 + 4*i**2 - 3*i - 2. Let t(k) = k**2 + k + 17. Let g be t(0). Suppose g - 1 = -4*b. Let x be b + 4 + -1 + -3. Calculate z(x).
10
Let m(d) = 2*d**2 - 5*d - 1. Let v be ((-6)/(-6))/((-2*1)/(-10)). Suppose 3*i = v*i - 8. Calculate m(i).
11
Let w(l) be the third derivative of l**6/120 - l**5/60 + l**4/3 + 5*l**2. Let m(c) be the second derivative of w(c). Give m(2).
10
Let s = -367 + 362. Let n(t) be the first derivative of t**2/2 + 3*t - 17. What is n(s)?
-2
Suppose 0 = 3*r - 7 - 2. Let d be (0 - 0)/(-1 + r) + -7. Let i(c) = c**2 + 10*c + 9. Calculate i(d).
-12
Let t(b) = -2*b - 2. Let i be t(-7). Let q(z) = 4 - z**3 - 14*z + i*z + 2 + 5*z**2. Determine q(5).
-4
Let l(z) = -z + 24. Let u = 220 - 205. What is l(u)?
9
Let b be ((-42)/(-12))/7*0. Let p(v) = v + 6. Let c(t) = t + 6. Let g(a) = 5*c(a) - 6*p(a). What is g(b)?
-6
Let a(g) = -g**3 + g**2 - g. Let j(m) = -m + 8. Let z be j(6). Let b = 59 - 34. Suppose -5*q = 5*u - 25, z*q + 2*q + 5*u = b. Determine a(q).
0
Let g be ((-171)/36)/(1/4). Suppose 0 = -5*s + 87 - 12. Let o = g + s. Let v(f) = f**3 + 3*f**2 - 4*f - 4. Calculate v(o).
-4
Let d(j) = 71*j**2 - 87*j**2 + 0 + 1 + j**3 - 16*j - 14. Give d(17).
4
Let s(i) be the second derivative of -i**8/6720 + i**7/840 - i**6/360 + i**5/120 + 7*i**4/6 - 6*i. Let j(x) be the third derivative of s(x). Calculate j(2).
1
Suppose -5*b + 12 = -3*b. Let h(g) = -g**2 + 8*g - 4. What is h(b)?
8
Let j(i) = i**2 + 4*i - 5. Let l(p) = 2*p**2 + 3*p - 4. Let y(q) = -3*j(q) + 2*l(q). Give y(4).
-1
Let g(d) be the first derivative of 384*d - 202*d - 8 - 193*d - d**2. Give g(-9).
7
Let u(y) be the first derivative of 2 + 2/3*y**3 - 2*y - y**2. Let s(z) = -z**2 - 20*z + 23. Let h be s(-21). What is u(h)?
2
Let p(u) = 18*u**3 - u**2 - 2*u - 2. Let t be p(-1). Let o = t + 12. Let f(n) = n**2 + 6*n. Calculate f(o).
7
Let d = -1 - -5. Suppose 15 = 4*j - 1. Let b(w) = 2 - 3*w + 4*w - 4*w + j. Determine b(d).
-6
Let d(o) = -2*o - 16. Let p(g) = 49*g - 305. Let b be p(6). Calculate d(b).
6
Let m(n) = 3*n + 4. Let u(i) = -2*i. Let t(k) = m(k) + 3*u(k). Give t(-2).
10
Let u(f) = -4*f + 6*f + 3485*f**3 + 4*f**2 - 3482*f**3. Give u(-2).
-12
Let f(p) = p**2 - p + 1. Let s be f(1). Let u(j) = 6*j**2 - 8*j. Let i = 57 + -56. Let m(w) = w**3 + w**2 - 1. Let k(t) = i*m(t) + s*u(t). Give k(-8).
-1
Let x be (-5 + 0 + 3)*5. Let o = 10 + x. Let l(f) be the second derivative of -f**5/20 + f**4/12 + f**3/6 + 2*f**2 - 2*f. Calculate l(o).
4
Let y(n) = 2*n**3 - 16*n**2 + 1. Let o be y(8). Let j be (o - -1) + (-1 - -4). Let h(m) = -m + 12. Determine h(j).
7
Let s(b) = 3*b**3 - b + 1. Suppose 7 = -4*j + 3*t - 7, 18 = -4*j + 5*t. Give s(j).
-21
Let q = -35 - -32. Let s = 6 + q. Let b(a) = 5*a + 3. Determine b(s).
18
Let s(c) = -15*c**3 + 13*c**2 + 11*c - 51. Let q(j) = -7*j**3 + 6*j**2 + 5*j - 25. Let r(z) = 13*q(z) - 6*s(z). Determine r(0).
-19
Suppose -11*x + 16*x = d - 8, 4*d - 4*x = 0. Let w(k) = 4*k - 7. Let j(i) = 4*i - 6. Let p(u) = -5*j(u) + 4*w(u). What is p(d)?
10
Let d(p) = 149*p - 4 - 77*p - 73*p. Suppose 4*b + z = 8*b, 0 = -5*z. What is d(b)?
-4
Suppose 4*s - 6 + 2 = 0. Suppose -v + s = 3. Let w(x) = -2*x**3 + 2*x**2 - x - 12. Let l(c) = c**3 - c**2 + c + 11. Let o(i) = v*w(i) - 3*l(i). Determine o(0).
-9
Suppose -2*k = 2*o + 18, 6*o - 5*k + 51 = 3*o. Let i = o + 6. Let t(p) = -p**2 - 7*p - 5. Give t(i).
1
Let z(l) = l - 5. Suppose 6*d + 6 = 3*k + 2*d, -k = -d - 3. Determine z(k).
1
Let r(w) = -8*w - 4 + 3*w**2 + 17*w + 9*w - 5*w**2. What is r(8)?
12
Let p be 57/38*(-44)/(-6). Let q(d) = d**2 - 12*d + 5. Give q(p).
-6
Let u(p) = -p - 1. Suppose 0 = 5*r - 4*f + 3, -2*f - 2 = -3*f. Let b(i) = 5*i - 7. Let w(c) = r*b(c) + 6*u(c). Give w(-9).
-4
Let t(f) = 3 + 4 - 3*f - 13 + 1. Let w = 16 + -10. Give t(w).
-23
Suppose -81*c - 9 + 9 = 0. Let q(y) be the third derivative of -y**4/24 - y**3/6 - y**2. Determine q(c).
-1
Let t(d) be the third derivative of -4/3*d**3 + 1/60*d**5 - 7*d**2 + 0*d + 0 - 1/24*d**4. Suppose 0 = -r - r. Calculate t(r).
-8
Let o(a) be the third derivative of 1/3*a**3 + 1/24*a**4 + 13*a**2 + 0 + 0*a. Determine o(6).
8
Let i(f) = -f**3 + 3*f**2 + 10*f + 13. Let h(s) = 2*s**3 - 8*s**2 - 21*s - 27. Let c(k) = 4*h(k) + 9*i(k). Let v = -12 + 7. Let l = -11 - v. What is c(l)?
9
Let n(r) = 4*r**2 - 4*r - r**3 + 16*r**2 - 25*r**2 - 6. Let c be -3 - 8/(-2) - -10. Let m = c - 15. Determine n(m).
-6
Let f(g) = -2*g + 30. Let l(z) = 4*z - 26. Let x(u) = -5*f(u) - 4*l(u). What is x(-9)?
8
Suppose 2 = -5*u - 3. Let l be -4 - u - (13 + -11). Let g(r) = 7*r + 10. Let i(p) = 3*p + 5. Let c(w) = l*i(w) + 2*g(w). Give c(-6).
1
Let x be ((-128)/72)/(8/(-108)*3). Let p(c) be the first derivative of c**4/4 - 8*c**3/3 + c**2/2 - 4*c + 2. Calculate p(x).
4
Let u = 98 - 58. Let v = u - 42. Let c(t) = -9*t - 2. Give c(v).
16
Let t be (60/25)/4*25. Let f(a) = -a + 6. Determine f(t).
-9
Let x = 2 - 6. Let p be (-6)/4 + (-30)/x. Suppose -4*j = -2*j + g - p, -5*g = 20. Let c(f) = f - 3. Calculate c(j).
2
Let o(v) = v**2 - 10*v - 5. Suppose 0 = -3*s - 4*c + 8, 5*s + 15*c - 28 = 12*c. What is o(s)?
-21
Let v(j) be the second derivative of 7*j**3/6 + 2*j - 39. What is v(-1)?
-7
Suppose -3*v = -12, v = q - 3*v + 14. Let b be (-3 - (-2)/q)*-2. Suppose 5*s + 2*f - 4*f - 32 = 0, -4*s = b*f - 20. Let h(z) = -z**2 + 5*z - 2. Determine h(s).
-8
Let d(l) be the third derivative of 0*l - 12*l**2 + 0 - 1/3*l**3 - 7/24*l**4. What is d(2)?
-16
Let h = 110 + -100. Let v be (h/8*-2)/(3/(-6)). Let k(z) = z**3 - 3*z**2 - 8*z + 4. Give k(v).
14
Let x be (3*-1 - -2) + 2. Let u(s) = 10*s + 64*s - 75*s - 13*s**2. Give u(x).
-14
Let v = 35 - 20. Suppose 5 + v = -4*l. Let z = -9 - l. Let r(c) = c - 3. Determine r(z).
-7
Let a(z) = 4*z**2 - z. Let u be 6413/847 - -2*(-4)/14. Let q = -8 + u. Give a(q).
5
Let y(z) = -z**3 + 10*z**2 + 14*z + 10. Let c be y(11). Let i = 39 - c. Let t(k) = 3*k + 3. Determine t(i).
-9
Let m(c) = c**2 - 11*c + 8. Let d be 4 - (1 + 3)/((-32)/24). What is m(d)?
-20
Let t(y) = y**3 + 4*y**2 - y - 3. Suppose 5*b + 20 = 5*m, 4*b + 17 + 1 = 5*m. Let r be b - 5/((-15)/(-36)). Let c = 11 + r. What is t(c)?
9
Let l(t) be the second derivative of 0 + 10*t + 0*t**4 + 1/15*t**5 + 7*t**2 + 0*t**3 + 1/60*t**6. Let w(g) be the first derivative of l(g). Determine w(-3).
-18
Let n = 103 - 101. Let q(j) be the third derivative of 8*j**n + 0 + 0*j - 1/60*j**5 - 1/24*j**4 + 0*j**3. Calculate q(-1).
0
Let l be (2 + 4)/12*-2. Let j(m) = 3*m - 4*m + 6*m. Calculate j(l).
-5
Let i(t) be the second derivative of t**4/12 - 11*t**3/6 - 2*t**2 - 29*t. What is i(12)?
8
Let h(x) be the third derivative of -x**5/60 - x**4/6 + x**3/3 + 237*x**2 - 2*x. Calculate h(-7).
-19
Let a(i) be the first derivative of i**4/2 + 7*i**3/3 + 2*i**2 + 3*i - 149. Give a(-3).
0
Let w = 20 + -17. Suppose -z + w = -0*z + 5*n, 9 = 3*z - 3*n. Let l(a) = z - 34*a**2 - 8*a + 13*a**2 + 16*a**2 + a**3 - 1. Calculate l(6).
-10
Suppose -3*b = i - b + 1, 4*b = 5*i - 23. Let h(w) = i*w + 0*w + 1 + 2*w - 6*w. Give h(-5).
6
Suppose 4*i + 24 = 4. Let z = i + 2. Let l(v) be the first derivative of v**4/4 + v**3/3 - v**2 - v + 1. Give l(z).
-13
Let d(g) = g**3 + g**2 - 8*g - 6. Let c be d(-3). Let l(w) be the second derivative of c + w + 0*w**2 - 2/3*w**4 + 0*w**3. Determine l(1).
-8
Suppose -4*d + 5*i + 62 = 0, -d + i + 41 = 2*d. Let f be 24/1*1/(-2). Let c = d + f. Let p(s) = -8*s**3 - 1. Calculate p(c).
-9
Let a(x) = x**2 + 9*x - 17. Let y be -2*(-1)/(-3 + (-56)/(-20)). Determine a(y).
-7
Let n(y) = y**2 - 4*y + 7. Let j be (5*(-4)/(-20))/(7/28). What is n(j)?
7
Let m(l) = 5*l + 8. Suppose 0 = v - 26 + 36. What is m(v)?
-42
Let p(t) = -2*t**2 - 13*t - 29. Let b be p(-3). Let s(w) = 5*w + 40. Give s(b).
0
Let v(j) = 4*j - 6. Let o(a) = -8*a + 13. Let m(r) = 6*o(r) + 13*v(r). Let y(d) = 3*d - 77 - 9*d - 3*d + 3*d. Let p be y(-13). What is m(p)?
4
Let p = -77 - -84. Let q(r) be the first derivative of -r**2 + 10*r - 9. Calculate q(p).
-4
Suppose -58*l + 314 = 82. Let g(j) be the second derivative of -1/3*j**3 - l*j + 1/2*j**2 + 0. What is g(-3)?
7
Let t be (3/4*-1)/(12/(-32)). Let p(v) = -7*v + 1 - 4 - v**2 - t. Give p(-6).
1
Suppose 3*q - 2*j + 1 = 0, -3*j - j = -3*q - 5. Let t(r) be the second derivative of r**4/12 + r**3/6 - r**2/2 - 20